 divided by i?
19
What is the remainder when (-144)/(-4)*(9 - 429/(-6)) is divided by 22?
16
Let a = -13466 + 13596. What is the remainder when a is divided by 2?
0
Let x(g) = 8*g - 10. Let m(n) = -n - 12. Let j be m(-12). Suppose j*s + 9*s - 117 = 0. Calculate the remainder when x(6) is divided by s.
12
Let x be 1 - ((-3 - 23) + -3). Let i(l) = -6*l + 5*l - x - 2*l. What is the remainder when 10 is divided by i(-12)?
4
Let f = -269 - -415. Calculate the remainder when f is divided by 92.
54
Let x = -14809 + 14845. What is the remainder when 120 is divided by x?
12
Suppose -8*k + 216312 - 21664 = 21*k. What is the remainder when k is divided by 17?
14
Suppose q = -4*t - 25, t + q - 15 = 5*q. Let g be t/((12/(-32))/3). Let u = g - 14. Calculate the remainder when 47 is divided by u.
21
Suppose 6*b - 5*k = 12743, 19*b - 15*b = k + 8479. Calculate the remainder when b is divided by 21.
18
What is the remainder when (-7)/(-168)*-8*(-2432 + -1) is divided by 166?
147
Suppose 10 = 6*v - 2. Suppose -v*i = 29 + 41. Let r = 37 + i. Calculate the remainder when 4 is divided by r.
0
Suppose 4*u - 14 = -n, 0 = 4*n - 0*n - 2*u + 34. Let y be n/21 - 900/(-14). Suppose -7*b - 1 = -y. What is the remainder when 14 is divided by b?
5
Let k = 20 - 14. Suppose -k*i = 9*i - 3195. What is the remainder when i is divided by 24?
21
Calculate the remainder when 111 is divided by (-1935)/(-27) - 273/(-117).
37
Let v(c) = -c**2 + 9*c - 14. Let j be v(2). Suppose 5*o - 293 = -2*w + 38, -2*w + 2*o + 352 = j. What is the remainder when w is divided by 58?
57
Let l(r) = -r**2 + 100*r + 214. Calculate the remainder when 118 is divided by l(102).
8
Let g be 16/28*(-14)/(-4). Let f = 9 + 44. Suppose m = -3*p + 20, -g*m + f = m + 2*p. What is the remainder when m is divided by 6?
5
Suppose -3*p - 108 = -39. Let b(w) = -w**2 - 38*w - 299. What is the remainder when 79 is divided by b(p)?
33
Suppose -6*a - 288 = -10*a. Let l = -70 + a. Calculate the remainder when 10327/115 + l/10 is divided by 33.
24
Let u = -1 - -4. Suppose -u*i + 36 = i. Suppose 207*d - 282 = 160*d. Calculate the remainder when i is divided by d.
3
Let d = -6 + 8. Suppose -4*z = -4*q + 24 + 224, 3*z = d*q - 124. Let i(h) = -22614*h - 180904. What is the remainder when q is divided by i(-8)?
6
Suppose -4294*s + 4312*s = 792. Calculate the remainder when 102 is divided by s.
14
Let l = 91 - 873. Let y = l + 1152. What is the remainder when y is divided by 31?
29
Let n(x) = -x**3 - 7*x**2 + 9*x + 3. Let t be n(2). Let c(s) = -s**2 - 17*s. What is the remainder when 39 is divided by c(t)?
9
Suppose 5*u + 7 + 5 = 3*w, 2*u = 2*w - 8. Let o(m) = 7*m**2 + 12*m - 35. What is the remainder when o(w) is divided by 65?
60
Suppose 0 = -47*c + 166 + 257. Let w = -6 - -10. What is the remainder when w/(-4) - (-2 - 21) is divided by c?
4
Let a(s) = 2*s**3 + s**2 + 13*s. What is the remainder when 5485 is divided by a(4)?
193
Let n(c) = -12*c + 3 + 2*c**2 - 11 + 3 + 0. Let h be n(6). Calculate the remainder when 22 is divided by (1/h)/((-20)/1300).
9
Let i(h) = -2*h**2 - h**2 - h**3 - 4*h + 8*h**2. Suppose 5*a + 90 = 5*t, 3*a - 6*a - 41 = -2*t. Calculate the remainder when t is divided by i(3).
1
Let g = -12 + 26. Calculate the remainder when 2740 is divided by g.
10
Let o = -10929 + 11429. What is the remainder when o is divided by 35?
10
Suppose -20303 = -599*v - 2125 + 12970. What is the remainder when v is divided by (-50)/(-6) - (-1)/(-3)?
4
Suppose -4*y = -3*x + 162 - 878, -x + 895 = 5*y. Let l = -167 + y. What is the remainder when 23 is divided by l?
11
Let i = 41 + -38. Suppose -46 = -i*d - j, -56 = -4*d - 5*j + j. Suppose 4*s + 79 = 2*x - s, -2*x - s = -85. Calculate the remainder when x is divided by d.
10
Let a = -1198 + 1223. Suppose -d - 4*b - 18 = -0*d, 0 = -3*b. Let q = d + a. Calculate the remainder when 18 is divided by q.
4
Let g(h) = -14*h - 89. Suppose 7*j + 41 - 258 = 0. Calculate the remainder when g(-15) is divided by j.
28
Let o = -3153 + 3871. Calculate the remainder when o is divided by 198.
124
Let p(l) = -l**3 + 21*l**2 - 19*l + 15. Suppose 378 = -29*j + 35*j. Suppose j = 3*s - a, 18 = -4*a + 6. What is the remainder when p(s) is divided by 20?
15
Let z = -3491 - -4308. Calculate the remainder when z is divided by 14.
5
Suppose -16 = 5*g - 3*z, -3*z = -2*g + z + 2. Let h(o) = -2*o**3 + o**2 + 16*o + 58. What is the remainder when h(g) is divided by 32?
29
Let a(d) = 11*d + 118. What is the remainder when a(15) is divided by 106?
71
Suppose -96*q + 58*q - 2079 = -47*q. Calculate the remainder when 15937 is divided by q.
229
Let s(p) = 29*p + 8. Suppose 1 = 3*j + 5*f + 6, f = -4. Let t be s(j). Let l = -35 + t. What is the remainder when l is divided by 20?
18
Let x(t) = -1691*t + 79. What is the remainder when 396 is divided by x(0)?
1
Let c(z) = 24*z**3 - 2*z**2 + 5*z - 3. Let g be c(2). Let k = -150 + g. What is the remainder when 244 is divided by k?
39
Suppose 3*y - 5*l - 82 = 0, -20*l = -2*y - 17*l + 57. What is the remainder when 911 is divided by y?
14
Let d(l) = -4*l**2 + l + 6. Let u(g) = 8*g**2 - 13. Let n(t) = 5*d(t) + 3*u(t). Suppose -5*b = -b - 1004. Calculate the remainder when b is divided by n(3).
41
Let j(t) = t - 4. Let l = 33 + 7. Suppose -3*w - 4 = -l. What is the remainder when w is divided by j(11)?
5
Let w = 95 - -94. Let y = -144 + w. Calculate the remainder when y is divided by 12.
9
Suppose -f + 5*n + 103 = 0, -4*n - 269 = -3*f + n. What is the remainder when f is divided by ((-108)/(-16) + -8)/((-7)/168)?
23
Let s(h) = 10*h**2 + 4*h + 4. What is the remainder when s(-3) is divided by (11 + -10)/(11/154)?
12
Suppose 97 + 3 = 5*r. Suppose 0 = 6*b - 3*b + 5*d - 90, 0 = 5*d - 15. Suppose -i + 4 = 0, -p - 5*i + 33 = -b. What is the remainder when p is divided by r?
18
Suppose 4*t - 53 = -5*a, 4*a - 26 = -2*t + 2*a. Suppose 4*m - 91 = 5*c + 193, -3*m = 12. What is the remainder when 55 is divided by -2*c/(-9)*(-18)/t?
15
Let t(y) = -y**3 + 8*y**2 - 8*y + 15. Let l be t(7). Suppose -102 = -l*o + 90. What is the remainder when 176/10 + o/(-40) is divided by 5?
2
Let u(z) = z**2 + 4*z + 10. Suppose -150*p + 323 = -9577. Calculate the remainder when p is divided by u(-7).
4
Suppose -628 = 11*u + 439. Let g(b) = -b**2 + 4*b + 19. Let c be g(17). Let o = u - c. What is the remainder when o is divided by 27?
24
Let p be -5 + 7 - 10 - -2. Suppose 2*c - 2*a + a - 77 = 0, 4*c - 169 = -3*a. What is the remainder when c is divided by (-74)/(-6) - (-8)/p?
7
Suppose 3*g - 3*w = 90 + 75, 0 = w - 4. Suppose -g*v + 56*v = -12. Suppose b + 2*b = v*y + 99, 2*y + 142 = 4*b. Calculate the remainder when b is divided by 13.
11
Let k = -49 + 143. Suppose -4*a - 4*z = -380, -245*a - 163 = -247*a + z. What is the remainder when k is divided by a?
8
Suppose -3*d + 16 = -z, 3*z + 0*d + 32 = 5*d. Let s be (18 + z)*(1 + 0). Calculate the remainder when 7 is divided by s/(-49)*(-11 + (-5 - -2)).
3
Calculate the remainder when 2750 is divided by (96/(-40) + 2)*100/(-7 + 2).
6
Let h = 22 + -4. Let s(z) = -z**3 + 17*z**2 + 21*z - 42. Let k = 130 + -86. What is the remainder when k is divided by s(h)?
8
Suppose -5*t + 14 = 3*c - 5, 2*t = -c + 7. What is the remainder when 413 is divided by (((-27)/t)/9)/(3/(-52))?
23
Let u = -7586 + 7736. Calculate the remainder when 2995 is divided by u.
145
Let g be (7/(-3) - -2)/((-5)/240). Suppose -12*k + 16 = -g*k. What is the remainder when 2/k - -1 - 172/(-8) is divided by 6?
4
Suppose -3*f = 313 + 260. Let b = f - -115. Let y = b - -117. Calculate the remainder when y is divided by 12.
5
Calculate the remainder when ((-1899)/18)/(21/(-210)) is divided by 51.
35
Suppose 4*n + 47 - 1621 = -r, 1976 = 5*n - 3*r. Let u = 528 - n. What is the remainder when u is divided by 31?
10
What is the remainder when 3/12 - (1223/(-4) - 19) is divided by 38?
21
Suppose 52*a - 15676 + 5924 = -a. Suppose z + 185 = 6*z - 4*o, 111 = 3*z - 3*o. Calculate the remainder when a is divided by z.
36
Let c = -25 + 37. Suppose -163*q + 23*q = 31*q - 21717. Calculate the remainder when q is divided by c.
7
Let t(y) = y**3 + 7*y**2 + 6*y - 3. Let z(l) = -7*l - 149. Let c be z(-22). What is the remainder when ((-100)/(-45))/c - 2288/(-36) is divided by t(-5)?
13
Suppose 178*d - 22019 - 8131 = -64